{"id":7188,"date":"2025-10-27T16:14:06","date_gmt":"2025-10-27T21:14:06","guid":{"rendered":"http:\/\/vitrialumhll.com\/?page_id=7188"},"modified":"2026-02-09T21:49:45","modified_gmt":"2026-02-10T02:49:45","slug":"fabricacion-artesanal-100","status":"publish","type":"page","link":"https:\/\/vitrialumhll.com\/index.php\/fabricacion-artesanal-100\/","title":{"rendered":""},"content":{"rendered":"\n<div class=\"wp-block-cover alignfull\"><img fetchpriority=\"high\" decoding=\"async\" width=\"1000\" height=\"667\" class=\"wp-block-cover__image-background wp-image-7048 size-full\" alt=\"\" src=\"http:\/\/vitrialumhll.com\/wp-content\/uploads\/2025\/10\/19587.jpg\" data-object-fit=\"cover\" srcset=\"https:\/\/vitrialumhll.com\/wp-content\/uploads\/2025\/10\/19587.jpg 1000w, https:\/\/vitrialumhll.com\/wp-content\/uploads\/2025\/10\/19587-300x200.jpg 300w\" sizes=\"(max-width: 1000px) 100vw, 1000px\" \/><span aria-hidden=\"true\" class=\"wp-block-cover__background has-background-dim\" style=\"background-color:#6f6365\"><\/span><div class=\"wp-block-cover__inner-container has-global-padding is-layout-constrained wp-block-cover-is-layout-constrained\">\n<p class=\"has-text-align-center has-large-font-size\"><strong>Fabricaci\u00f3n Artesanal 100%<\/strong><\/p>\n<\/div><\/div>\n\n\n\n<div style=\"height:43px\" aria-hidden=\"true\" class=\"wp-block-spacer\"><\/div>\n\n\n\n<h2 class=\"wp-block-heading has-text-align-center\"><strong><mark style=\"background-color:rgba(0, 0, 0, 0)\" class=\"has-inline-color has-tertiary-color\"><em>El Coraz\u00f3n de Nuestro Taller: Donde la Precisi\u00f3n Encuentra la Pasi\u00f3n<\/em><\/mark><\/strong><\/h2>\n\n\n\n<p class=\"has-text-align-center\">Rechazamos lo ordinario. Cada soldadura, cada corte, cada pulida es un tributo a la calidad duradera.<\/p>\n\n\n\n<div style=\"height:46px\" aria-hidden=\"true\" class=\"wp-block-spacer\"><\/div>\n\n\n\n<div class=\"wp-block-media-text is-stacked-on-mobile\" style=\"grid-template-columns:46% auto\"><figure class=\"wp-block-media-text__media\"><img decoding=\"async\" width=\"1024\" height=\"698\" src=\"http:\/\/vitrialumhll.com\/wp-content\/uploads\/2025\/10\/3500-1024x698.jpg\" alt=\"\" class=\"wp-image-7189 size-full\" srcset=\"https:\/\/vitrialumhll.com\/wp-content\/uploads\/2025\/10\/3500-1024x698.jpg 1024w, https:\/\/vitrialumhll.com\/wp-content\/uploads\/2025\/10\/3500-300x204.jpg 300w, https:\/\/vitrialumhll.com\/wp-content\/uploads\/2025\/10\/3500.jpg 1500w\" sizes=\"(max-width: 1024px) 100vw, 1024px\" \/><\/figure><div class=\"wp-block-media-text__content\">\n<p><mark style=\"background-color:rgba(0, 0, 0, 0)\" class=\"has-inline-color has-secondary-color\">Mientras otros optan por la producci\u00f3n en masa, nosotros abrazamos la paciencia y la pericia. En nuestro taller de Bogot\u00e1, su proyecto es tratado con el cuidado y el respeto de una pieza \u00fanica, donde las manos expertas de nuestros artesanos son el valor diferencial imposible de replicar en una f\u00e1brica.<\/mark><\/p>\n<\/div><\/div>\n\n\n\n<div style=\"height:22px\" aria-hidden=\"true\" class=\"wp-block-spacer\"><\/div>\n\n\n\n<div class=\"wp-block-cover alignfull\" style=\"min-height:126px;aspect-ratio:unset;\"><span aria-hidden=\"true\" class=\"wp-block-cover__background has-foreground-background-color has-background-dim-100 has-background-dim\"><\/span><div class=\"wp-block-cover__inner-container has-global-padding is-layout-constrained wp-block-cover-is-layout-constrained\">\n<p class=\"has-text-align-center has-large-font-size\"><strong>El Arte de Nuestra Fabricaci\u00f3n, Paso a Paso<\/strong><\/p>\n<\/div><\/div>\n\n\n\n<h2 class=\"wp-block-heading\"><strong>Preparaci\u00f3n de Materiales de Primera<\/strong> Calidad<\/h2>\n\n\n\n<div class=\"wp-block-columns is-layout-flex wp-container-core-columns-is-layout-28f84493 wp-block-columns-is-layout-flex\">\n<div class=\"wp-block-column is-layout-flow wp-block-column-is-layout-flow\">\n<div class=\"wp-block-media-text is-stacked-on-mobile\" style=\"grid-template-columns:56% auto\"><figure class=\"wp-block-media-text__media\"><img decoding=\"async\" width=\"768\" height=\"1024\" src=\"https:\/\/vitrialumhll.com\/wp-content\/uploads\/2026\/02\/vitrialum_1-768x1024.jpeg\" alt=\"\" class=\"wp-image-7504 size-full\" srcset=\"https:\/\/vitrialumhll.com\/wp-content\/uploads\/2026\/02\/vitrialum_1-768x1024.jpeg 768w, https:\/\/vitrialumhll.com\/wp-content\/uploads\/2026\/02\/vitrialum_1-225x300.jpeg 225w, https:\/\/vitrialumhll.com\/wp-content\/uploads\/2026\/02\/vitrialum_1.jpeg 960w\" sizes=\"(max-width: 768px) 100vw, 768px\" \/><\/figure><div class=\"wp-block-media-text__content\">\n<h2 class=\"wp-block-heading\"><strong>Aluminio de Grado Industrial<\/strong><\/h2>\n\n\n\n<p>Seleccionamos perfiles de aluminio de alta aleaci\u00f3n, resistentes a la corrosi\u00f3n y la deformaci\u00f3n. Disponible en m\u00faltiples acabados<\/p>\n<\/div><\/div>\n<\/div>\n\n\n\n<div class=\"wp-block-column is-layout-flow wp-block-column-is-layout-flow\">\n<div class=\"wp-block-media-text is-stacked-on-mobile\" style=\"grid-template-columns:56% auto\"><figure class=\"wp-block-media-text__media\"><img loading=\"lazy\" decoding=\"async\" width=\"768\" height=\"1024\" src=\"https:\/\/vitrialumhll.com\/wp-content\/uploads\/2026\/02\/vitrialum_2-768x1024.jpeg\" alt=\"\" class=\"wp-image-7505 size-full\" srcset=\"https:\/\/vitrialumhll.com\/wp-content\/uploads\/2026\/02\/vitrialum_2-768x1024.jpeg 768w, https:\/\/vitrialumhll.com\/wp-content\/uploads\/2026\/02\/vitrialum_2-225x300.jpeg 225w, https:\/\/vitrialumhll.com\/wp-content\/uploads\/2026\/02\/vitrialum_2.jpeg 960w\" sizes=\"(max-width: 768px) 100vw, 768px\" \/><\/figure><div class=\"wp-block-media-text__content\">\n<h2 class=\"wp-block-heading\"><strong>Acero inoxidable de alta calidad<\/strong><\/h2>\n\n\n\n<p>Utilizamos acero de la mejor calidad en el mercado pasado por un proceso profesional para mejor duracion y resistencia<\/p>\n<\/div><\/div>\n<\/div>\n<\/div>\n\n\n\n<div class=\"wp-block-cover alignfull\" style=\"min-height:634px;aspect-ratio:unset;\"><span aria-hidden=\"true\" class=\"wp-block-cover__background has-secondary-background-color has-background-dim-100 has-background-dim\"><\/span><div class=\"wp-block-cover__inner-container has-global-padding is-layout-constrained wp-block-cover-is-layout-constrained\">\n<div style=\"height:31px\" aria-hidden=\"true\" class=\"wp-block-spacer\"><\/div>\n\n\n\n<h2 class=\"wp-block-heading\"><strong>Procesos de Fabricaci\u00f3n de Precisi\u00f3n<\/strong><\/h2>\n\n\n\n<div class=\"wp-block-columns is-layout-flex wp-container-core-columns-is-layout-28f84493 wp-block-columns-is-layout-flex\">\n<div class=\"wp-block-column is-layout-flow wp-block-column-is-layout-flow\">\n<figure class=\"wp-block-image size-full\"><img loading=\"lazy\" decoding=\"async\" width=\"1000\" height=\"667\" src=\"http:\/\/vitrialumhll.com\/wp-content\/uploads\/2025\/10\/1899.jpg\" alt=\"\" class=\"wp-image-7193\" srcset=\"https:\/\/vitrialumhll.com\/wp-content\/uploads\/2025\/10\/1899.jpg 1000w, https:\/\/vitrialumhll.com\/wp-content\/uploads\/2025\/10\/1899-300x200.jpg 300w, https:\/\/vitrialumhll.com\/wp-content\/uploads\/2025\/10\/1899-600x400.jpg 600w\" sizes=\"(max-width: 1000px) 100vw, 1000px\" \/><\/figure>\n\n\n\n<h3 class=\"wp-block-heading has-text-align-center\"><strong>Corte a la Medida y Manual<\/strong><\/h3>\n\n\n\n<p class=\"has-text-align-center\">Combinamos tecnolog\u00eda de corte por CNC para precisi\u00f3n absoluta con acabados manuales que eliminan cualquier imperfecci\u00f3n en los cantos.<\/p>\n<\/div>\n\n\n\n<div class=\"wp-block-column is-layout-flow wp-block-column-is-layout-flow\">\n<h3 class=\"wp-block-heading has-text-align-center\"><strong>Soldadura de Alta Resistencia<\/strong><\/h3>\n\n\n\n<p class=\"has-text-align-center\">Las uniones de aluminio son soldadas con t\u00e9cnicas especializadas (TIG\/MIG), asegurando estructuras r\u00edgidas y extremadamente fuertes que soportar\u00e1n el uso intensivo durante a\u00f1os.<\/p>\n\n\n\n<figure class=\"wp-block-image size-full\"><img loading=\"lazy\" decoding=\"async\" width=\"1000\" height=\"667\" src=\"http:\/\/vitrialumhll.com\/wp-content\/uploads\/2025\/10\/4755.jpg\" alt=\"\" class=\"wp-image-7194\" srcset=\"https:\/\/vitrialumhll.com\/wp-content\/uploads\/2025\/10\/4755.jpg 1000w, https:\/\/vitrialumhll.com\/wp-content\/uploads\/2025\/10\/4755-300x200.jpg 300w, https:\/\/vitrialumhll.com\/wp-content\/uploads\/2025\/10\/4755-600x400.jpg 600w\" sizes=\"(max-width: 1000px) 100vw, 1000px\" \/><\/figure>\n<\/div>\n\n\n\n<div class=\"wp-block-column is-layout-flow wp-block-column-is-layout-flow\">\n<figure class=\"wp-block-image size-full\"><img loading=\"lazy\" decoding=\"async\" width=\"1000\" height=\"667\" src=\"http:\/\/vitrialumhll.com\/wp-content\/uploads\/2025\/10\/46149.jpg\" alt=\"\" class=\"wp-image-7195\" srcset=\"https:\/\/vitrialumhll.com\/wp-content\/uploads\/2025\/10\/46149.jpg 1000w, https:\/\/vitrialumhll.com\/wp-content\/uploads\/2025\/10\/46149-300x200.jpg 300w, https:\/\/vitrialumhll.com\/wp-content\/uploads\/2025\/10\/46149-600x400.jpg 600w\" sizes=\"(max-width: 1000px) 100vw, 1000px\" \/><\/figure>\n\n\n\n<h3 class=\"wp-block-heading has-text-align-center\"><strong>Pulido y Acabado Esmerado<\/strong><\/h3>\n\n\n\n<p class=\"has-text-align-center\">Cada soldadura es limada y pulida hasta quedar lisa al tacto. Aplicamos tratamientos de superficie para un acabado impecable, libre de rebabas y uniforme en su coloraci\u00f3n.<\/p>\n<\/div>\n<\/div>\n\n\n\n<div style=\"height:34px\" aria-hidden=\"true\" class=\"wp-block-spacer\"><\/div>\n<\/div><\/div>\n\n\n\n<h2 class=\"wp-block-heading\"><strong>Control de Calidad en Tiempo Real<\/strong><\/h2>\n\n\n\n<div class=\"wp-block-columns is-layout-flex wp-container-core-columns-is-layout-28f84493 wp-block-columns-is-layout-flex\">\n<div class=\"wp-block-column is-layout-flow wp-block-column-is-layout-flow\">\n<figure class=\"wp-block-video\"><video height=\"720\" style=\"aspect-ratio: 1280 \/ 720;\" width=\"1280\" controls src=\"http:\/\/vitrialumhll.com\/wp-content\/uploads\/2025\/10\/verificando-vitrinas-elegantes-veed_45bg7Tks.mp4\"><\/video><\/figure>\n\n\n\n<h2 class=\"wp-block-heading has-text-align-center\"><strong><mark style=\"background-color:rgba(0, 0, 0, 0)\" class=\"has-inline-color has-tertiary-color\">Inspecci\u00f3n por Etapas<\/mark><\/strong><\/h2>\n\n\n\n<p class=\"has-text-align-center\">No esperamos al final. Cada componente es verificado en las diferentes fases de fabricaci\u00f3n: despu\u00e9s del corte, del ensamblaje y del acabado.<\/p>\n<\/div>\n\n\n\n<div class=\"wp-block-column is-layout-flow wp-block-column-is-layout-flow\">\n<figure class=\"wp-block-video\"><video height=\"720\" style=\"aspect-ratio: 1280 \/ 720;\" width=\"1280\" controls src=\"http:\/\/vitrialumhll.com\/wp-content\/uploads\/2025\/10\/elegancia-y-rendimiento-garantizados-veed_kDiheG63.mp4\"><\/video><\/figure>\n\n\n\n<h2 class=\"wp-block-heading has-text-align-center\"><strong><mark style=\"background-color:rgba(0, 0, 0, 0)\" class=\"has-inline-color has-secondary-color\">Prueba de Estabilidad y Nivelaci\u00f3n<\/mark><\/strong><\/h2>\n\n\n\n<p class=\"has-text-align-center\">&nbsp;Antes de empacar, montamos la estructura principal para verificar su estabilidad, nivelaci\u00f3n y rigidez, asegurando de que funcione correctamente a la hora de colocarlo en cada negocio.<\/p>\n<\/div>\n<\/div>\n\n\n\n<div style=\"height:69px\" aria-hidden=\"true\" class=\"wp-block-spacer\"><\/div>\n\n\n\n<div class=\"wp-block-cover alignfull wp-duotone-101010-ffffff-1\"><img loading=\"lazy\" decoding=\"async\" width=\"1000\" height=\"668\" class=\"wp-block-cover__image-background wp-image-7037 size-full\" alt=\"\" src=\"http:\/\/vitrialumhll.com\/wp-content\/uploads\/2025\/10\/2148970789.jpg\" data-object-fit=\"cover\" srcset=\"https:\/\/vitrialumhll.com\/wp-content\/uploads\/2025\/10\/2148970789.jpg 1000w, https:\/\/vitrialumhll.com\/wp-content\/uploads\/2025\/10\/2148970789-300x200.jpg 300w, https:\/\/vitrialumhll.com\/wp-content\/uploads\/2025\/10\/2148970789-600x400.jpg 600w\" sizes=\"(max-width: 1000px) 100vw, 1000px\" \/><span aria-hidden=\"true\" class=\"wp-block-cover__background has-background-dim\" style=\"background-color:#767774\"><\/span><div class=\"wp-block-cover__inner-container has-global-padding is-layout-constrained wp-block-cover-is-layout-constrained\">\n<p class=\"has-text-align-center has-large-font-size\"><strong><mark style=\"background-color:rgba(0, 0, 0, 0)\" class=\"has-inline-color has-white-color\">Lo que Nuestra Fabricaci\u00f3n Artesanal Significa para Usted<\/mark><\/strong><\/p>\n\n\n\n<ul class=\"wp-block-list\">\n<li><mark style=\"background-color:rgba(0, 0, 0, 0)\" class=\"has-inline-color has-white-color\"><strong>Durabilidad Inigualable:<\/strong>&nbsp;Sin puntos d\u00e9biles por ensamblajes premontados.<\/mark><\/li>\n\n\n\n<li><mark style=\"background-color:rgba(0, 0, 0, 0)\" class=\"has-inline-color has-white-color\"><strong>Ajuste Perfecto:<\/strong>&nbsp;Hecho a las medidas exactas de su espacio.<\/mark><\/li>\n\n\n\n<li><mark style=\"background-color:rgba(0, 0, 0, 0)\" class=\"has-inline-color has-white-color\"><strong>Un Producto con Alma:<\/strong>&nbsp;Hecho con orgullo y atenci\u00f3n al detalle.<\/mark><\/li>\n<\/ul>\n<\/div><\/div>\n","protected":false},"excerpt":{"rendered":"<p>El Coraz\u00f3n de Nuestro Taller: Donde la Precisi\u00f3n Encuentra la Pasi\u00f3n Rechazamos lo ordinario. Cada soldadura, cada corte, cada pulida es un tributo a la calidad duradera. Mientras otros optan por la producci\u00f3n en masa, nosotros abrazamos la paciencia y la pericia. En nuestro taller de Bogot\u00e1, su proyecto es tratado con el cuidado y &hellip; <\/p>\n<p class=\"link-more\"><a href=\"https:\/\/vitrialumhll.com\/index.php\/fabricacion-artesanal-100\/\" class=\"more-link\">Leer m\u00e1s<span class=\"screen-reader-text\"> \u00ab\u00bb<\/span><\/a><\/p>\n","protected":false},"author":1,"featured_media":0,"parent":0,"menu_order":0,"comment_status":"closed","ping_status":"closed","template":"","meta":{"footnotes":""},"class_list":["post-7188","page","type-page","status-publish","hentry"],"featured_media_urls":[],"_links":{"self":[{"href":"https:\/\/vitrialumhll.com\/index.php\/wp-json\/wp\/v2\/pages\/7188","targetHints":{"allow":["GET"]}}],"collection":[{"href":"https:\/\/vitrialumhll.com\/index.php\/wp-json\/wp\/v2\/pages"}],"about":[{"href":"https:\/\/vitrialumhll.com\/index.php\/wp-json\/wp\/v2\/types\/page"}],"author":[{"embeddable":true,"href":"https:\/\/vitrialumhll.com\/index.php\/wp-json\/wp\/v2\/users\/1"}],"replies":[{"embeddable":true,"href":"https:\/\/vitrialumhll.com\/index.php\/wp-json\/wp\/v2\/comments?post=7188"}],"version-history":[{"count":4,"href":"https:\/\/vitrialumhll.com\/index.php\/wp-json\/wp\/v2\/pages\/7188\/revisions"}],"predecessor-version":[{"id":7506,"href":"https:\/\/vitrialumhll.com\/index.php\/wp-json\/wp\/v2\/pages\/7188\/revisions\/7506"}],"wp:attachment":[{"href":"https:\/\/vitrialumhll.com\/index.php\/wp-json\/wp\/v2\/media?parent=7188"}],"curies":[{"name":"wp","href":"https:\/\/api.w.org\/{rel}","templated":true}]}}